{"id":926,"date":"2024-08-08T11:05:28","date_gmt":"2024-08-08T09:05:28","guid":{"rendered":"https:\/\/brigittasimon.com\/?post_type=video&#038;p=926"},"modified":"2024-08-08T11:05:28","modified_gmt":"2024-08-08T09:05:28","slug":"2020-heia-heia-e-kalman-die-csardasfurstin-sylva","status":"publish","type":"video","link":"https:\/\/brigittasimon.com\/hu\/video\/2020-heia-heia-e-kalman-die-csardasfurstin-sylva\/","title":{"rendered":"(2020) &#8220;Heia, Heia&#8221; &#8211; E.K\u00e1lm\u00e1n: Die Cs\u00e1rd\u00e1sf\u00fcrstin (Sylva)"},"content":{"rendered":"","protected":false},"featured_media":927,"template":"","meta":{"_acf_changed":true},"video-kategoriak":[13],"class_list":["post-926","video","type-video","status-publish","has-post-thumbnail","hentry","video-kategoriak-operetta"],"acf":[],"_links":{"self":[{"href":"https:\/\/brigittasimon.com\/hu\/wp-json\/wp\/v2\/video\/926","targetHints":{"allow":["GET"]}}],"collection":[{"href":"https:\/\/brigittasimon.com\/hu\/wp-json\/wp\/v2\/video"}],"about":[{"href":"https:\/\/brigittasimon.com\/hu\/wp-json\/wp\/v2\/types\/video"}],"wp:featuredmedia":[{"embeddable":true,"href":"https:\/\/brigittasimon.com\/hu\/wp-json\/wp\/v2\/media\/927"}],"wp:attachment":[{"href":"https:\/\/brigittasimon.com\/hu\/wp-json\/wp\/v2\/media?parent=926"}],"wp:term":[{"taxonomy":"video-kategoriak","embeddable":true,"href":"https:\/\/brigittasimon.com\/hu\/wp-json\/wp\/v2\/video-kategoriak?post=926"}],"curies":[{"name":"wp","href":"https:\/\/api.w.org\/{rel}","templated":true}]}}

(2020) &#8220;Heia, Heia&#8221; &#8211; E.Kálmán: Die Csárdásfürstin (Sylva)
