{"id":30,"date":"2024-08-01T11:11:06","date_gmt":"2024-08-01T09:11:06","guid":{"rendered":"https:\/\/brigittasimon.com\/?page_id=30"},"modified":"2024-08-02T10:56:57","modified_gmt":"2024-08-02T08:56:57","slug":"biography","status":"publish","type":"page","link":"https:\/\/brigittasimon.com\/de\/biography\/","title":{"rendered":"Biografie"},"content":{"rendered":"<p class=\" translation-block\">Die Sopranistin Brigitta Simon wurde in Budapest (Ungarn) geboren und erwarb ihre ersten musikalischen Ausbildungen in Gy\u0151r. Nach der Reifepr\u00fcfung begann sie ihr Gesangsstudium an der Universit\u00e4t f\u00fcr Musik und darstellende Kunst in Wien, wo sie ihr Diplomstudium Operngesang mit Auszeichnung (2014), ihre Masterstudien Lied- und Oratorium (2018) und Instrumental- und Gesangsp\u00e4dagogik (Gesang Klassik, 2018) absolvierte.<\/p>\n\n\n\n<p>Sie ist Preistr\u00e4gerin zahlreicher Gesangs- und Opernwettbewerbe. 2009 war sie Finalistin des \u201eOperalia\u201c Gesangswettbewerbs. Als Sonderpreis lud Maestro Pl\u00e1cido Domingo sie mit den Preistr\u00e4gerInnen der Operalia als Gasts\u00e4ngerin zu seinem Konzert nach P\u00e9cs (Ungarn) ein, wo sie zwei Arien, sowie zwei Duette mit ihm pers\u00f6nlich singen durfte.<\/p>\n\n\n\n<p>Auf der Opernb\u00fchne deb\u00fctierte sie 2010 beim Musikfestival Steyr mit der Rolle der Zerlina in Mozarts Don Giovanni. 2011 war sie Teilnehmerin des \u201eYoung Artist Program\u201d in Palau de les Arts Reina Sofia in Valencia (Spanien). Nach erfolgreicher Absolvierung wurde sie aufgrund ihrer \u00fcberzeugenden k\u00fcnstlerischen Leistung f\u00fcr weitere Produktionen in der Saison 2011\/2012 am Opernhaus engagiert.<\/p>\n\n\n\n<p>Es folgten Auftritte auf der ganzen Welt. Sie tritt als Solistin mit verschiedenen Orchestern auf und durfte so auf ber\u00fchmten B\u00fchnen Europas singen, unter anderem in dem Gro\u00dfen Saal der Berliner Philharmonie und in dem Goldenen Saal des Wiener Musikvereins.<\/p>\n\n\n\n<p>Konzerte und Engagements f\u00fchrten sie in das Konzerthaus Wien, den Musikverein Graz, den Festsaal der Hofburg Wien (Er\u00f6ffnung des 57. Kaffeesiederballs), an die Alte Oper Frankfurt, die Deutsche Oper Berlin, die Wiener Staatsoper, den Stefaniensaal im Congress Graz, das Teatro delle Muse in Ancona, die Bulgarische Staatsoper in Sofia,  die Lettische Nationaloper in Riga, in den Grossen Saal des Tschaikovsky Konservatoriums in Moskau, in den Herkulessaal der M\u00fcnchner Residenz, in den Nationalen Kulturpalast in Sofia, sowie zu den Werdenberger Schloss-Festspielen in der Schweiz, zu den Herbsttagen Blindenmarkt in \u00d6sterreich, zu dem Arctic Opera Festival in Tromso, zu dem Festival de Teatro Lirico Espa\u00f1ol in Oviedo und zu dem Festival \u201eBascarsija Nights\u201c in Sarajevo.<\/p>\n\n\n\n<p>Ausserhalb Europas durfte sie in Tunesien (Festival international de musique symphonique d'El Jem), \u00c4gypten (Cairo Opera House, Alexandria Opera House), China (Er\u00f6ffnung des Kempinski Vienna Balls in Peking), Kanada (Living Arts Centre in Mississauga, Orpheum Theater in Vancouver), S\u00fcdkorea (Seongnam Arts Center in Seoul), Japan (Daiichi Seimei Concert Hall in Tokyo) und in den USA (Symphony Center in Chicago) singen.<\/p>\n\n\n\n<p>Sie war auf der Opernb\u00fchne in Rollen wie Lucy (Menotti: The Telephone), Belinda (Purcell: Dido and Aeneas), Susanna (Mozart: Le nozze di Figaro), Adele (Strauss: Die Fledermaus), K\u00f6nigin der Nacht (Mozart: Die Zauberfl\u00f6te), Olympia (Offenbach: Les contes d\u2019Hoffmann), Donna Anna (Mozart: Don Giovanni), Pelzchen (Von Einem: Tulifant), Violetta Val\u00e9ry (Verdi: La Traviata) und Mica\u00ebla (Bizet: Carmen) zu h\u00f6ren.<\/p>\n\n\n\n<p>Im Laufe ihres bisherigen k\u00fcnstlerischen Werdeganges hatte sie die Ehre, mit ber\u00fchmten K\u00fcnstlern wie z.B. Pl\u00e1cido Domingo, Ruggero Raimondi, Zubin Mehta, Helmut Deutsch, Uwe Theimer, K\u00e1lm\u00e1n Berkes und Lior Shambadal zusammenzuarbeiten.<\/p>","protected":false},"excerpt":{"rendered":"<p>Soprano Brigitta Simon was born in Budapest (Hungary) and received her initial musical education in Gy\u0151r. After high school graduation, she began her vocal studies at the University of Music and Performing Arts Vienna, where she completed her diploma in Opera singing with summa cum laude (2014), her master\u2019s degree in Lied and Oratorio (2018) [&hellip;]<\/p>\n","protected":false},"author":1,"featured_media":0,"parent":0,"menu_order":0,"comment_status":"closed","ping_status":"closed","template":"","meta":{"_acf_changed":false,"footnotes":""},"class_list":["post-30","page","type-page","status-publish","hentry"],"acf":[],"_links":{"self":[{"href":"https:\/\/brigittasimon.com\/de\/wp-json\/wp\/v2\/pages\/30","targetHints":{"allow":["GET"]}}],"collection":[{"href":"https:\/\/brigittasimon.com\/de\/wp-json\/wp\/v2\/pages"}],"about":[{"href":"https:\/\/brigittasimon.com\/de\/wp-json\/wp\/v2\/types\/page"}],"author":[{"embeddable":true,"href":"https:\/\/brigittasimon.com\/de\/wp-json\/wp\/v2\/users\/1"}],"replies":[{"embeddable":true,"href":"https:\/\/brigittasimon.com\/de\/wp-json\/wp\/v2\/comments?post=30"}],"version-history":[{"count":1,"href":"https:\/\/brigittasimon.com\/de\/wp-json\/wp\/v2\/pages\/30\/revisions"}],"predecessor-version":[{"id":2125,"href":"https:\/\/brigittasimon.com\/de\/wp-json\/wp\/v2\/pages\/30\/revisions\/2125"}],"wp:attachment":[{"href":"https:\/\/brigittasimon.com\/de\/wp-json\/wp\/v2\/media?parent=30"}],"curies":[{"name":"wp","href":"https:\/\/api.w.org\/{rel}","templated":true}]}}

<p class=" translation-block">Die Sopranistin Brigitta Simon wurde in Budapest (Ungarn) geboren und erwarb ihre ersten musikalischen Ausbildungen in Győr. Nach der Reifeprüfung begann sie ihr Gesangsstudium an der Universität für Musik und darstellende Kunst in Wien, wo sie ihr Diplomstudium Operngesang mit Auszeichnung (2014), ihre Masterstudien Lied- und Oratorium (2018) und Instrumental- und Gesangspädagogik (Gesang Klassik, 2018) absolvierte.</p>



<p>Sie ist Preisträgerin zahlreicher Gesangs- und Opernwettbewerbe. 2009 war sie Finalistin des „Operalia“ Gesangswettbewerbs. Als Sonderpreis lud Maestro Plácido Domingo sie mit den PreisträgerInnen der Operalia als Gastsängerin zu seinem Konzert nach Pécs (Ungarn) ein, wo sie zwei Arien, sowie zwei Duette mit ihm persönlich singen durfte.</p>



<p>Auf der Opernbühne debütierte sie 2010 beim Musikfestival Steyr mit der Rolle der Zerlina in Mozarts Don Giovanni. 2011 war sie Teilnehmerin des „Young Artist Program” in Palau de les Arts Reina Sofia in Valencia (Spanien). Nach erfolgreicher Absolvierung wurde sie aufgrund ihrer überzeugenden künstlerischen Leistung für weitere Produktionen in der Saison 2011/2012 am Opernhaus engagiert.</p>



<p>Es folgten Auftritte auf der ganzen Welt. Sie tritt als Solistin mit verschiedenen Orchestern auf und durfte so auf berühmten Bühnen Europas singen, unter anderem in dem Großen Saal der Berliner Philharmonie und in dem Goldenen Saal des Wiener Musikvereins.</p>



<p>Konzerte und Engagements führten sie in das Konzerthaus Wien, den Musikverein Graz, den Festsaal der Hofburg Wien (Eröffnung des 57. Kaffeesiederballs), an die Alte Oper Frankfurt, die Deutsche Oper Berlin, die Wiener Staatsoper, den Stefaniensaal im Congress Graz, das Teatro delle Muse in Ancona, die Bulgarische Staatsoper in Sofia,  die Lettische Nationaloper in Riga, in den Grossen Saal des Tschaikovsky Konservatoriums in Moskau, in den Herkulessaal der Münchner Residenz, in den Nationalen Kulturpalast in Sofia, sowie zu den Werdenberger Schloss-Festspielen in der Schweiz, zu den Herbsttagen Blindenmarkt in Österreich, zu dem Arctic Opera Festival in Tromso, zu dem Festival de Teatro Lirico Español in Oviedo und zu dem Festival „Bascarsija Nights“ in Sarajevo.</p>



<p>Ausserhalb Europas durfte sie in Tunesien (Festival international de musique symphonique d'El Jem), Ägypten (Cairo Opera House, Alexandria Opera House), China (Eröffnung des Kempinski Vienna Balls in Peking), Kanada (Living Arts Centre in Mississauga, Orpheum Theater in Vancouver), Südkorea (Seongnam Arts Center in Seoul), Japan (Daiichi Seimei Concert Hall in Tokyo) und in den USA (Symphony Center in Chicago) singen.</p>



<p>Sie war auf der Opernbühne in Rollen wie Lucy (Menotti: The Telephone), Belinda (Purcell: Dido and Aeneas), Susanna (Mozart: Le nozze di Figaro), Adele (Strauss: Die Fledermaus), Königin der Nacht (Mozart: Die Zauberflöte), Olympia (Offenbach: Les contes d’Hoffmann), Donna Anna (Mozart: Don Giovanni), Pelzchen (Von Einem: Tulifant), Violetta Valéry (Verdi: La Traviata) und Micaëla (Bizet: Carmen) zu hören.</p>



<p>Im Laufe ihres bisherigen künstlerischen Werdeganges hatte sie die Ehre, mit berühmten Künstlern wie z.B. Plácido Domingo, Ruggero Raimondi, Zubin Mehta, Helmut Deutsch, Uwe Theimer, Kálmán Berkes und Lior Shambadal zusammenzuarbeiten.</p>

<p>Soprano Brigitta Simon was born in Budapest (Hungary) and received her initial musical education in Győr. After high school graduation, she began her vocal studies at the University of Music and Performing Arts Vienna, where she completed her diploma in Opera singing with summa cum laude (2014), her master’s degree in Lied and Oratorio (2018) [&hellip;]</p>
